{"id":97,"date":"2012-07-13T13:04:01","date_gmt":"2012-07-13T13:04:01","guid":{"rendered":"http:\/\/www.unenfantuncartable17.fr\/?page_id=97"},"modified":"2025-09-20T10:54:21","modified_gmt":"2025-09-20T09:54:21","slug":"pagesle_reglement_interieur","status":"publish","type":"page","link":"http:\/\/www.unenfantuncartable17.fr\/?page_id=97","title":{"rendered":"Le r\u00e9glement int\u00e9rieur"},"content":{"rendered":"<div class=\"ob-section ob-section-html\">\n<p class=\"MsoTitle\" style=\"margin: 0cm 0cm 0pt;\"><span style=\"font-size: 12pt; mso-bidi-font-size: 10.0pt;\"><span style=\"font-family: Times New Roman;\">\u00a0<\/span><\/span><span style=\"font-size: 12pt; mso-bidi-font-size: 10.0pt;\"><span style=\"font-family: Times New Roman;\">\u00a0<\/span><\/span><\/p>\n<p style=\"margin: 0cm 0cm 0pt;\"><span style=\"color: #993300; font-size: 14pt; font-family: 'arial black', sans-serif;\"><strong><span style=\"text-decoration: underline;\"><span style=\"mso-bidi-font-size: 10.0pt;\">Article premier &#8211; Exigibilit\u00e9 des cotisations<\/span><\/span><\/strong><\/span><\/p>\n<p style=\"margin: 0cm 0cm 0pt;\"><span style=\"font-family: 'arial black', sans-serif;\"><strong>\u00a0<\/strong><\/span><\/p>\n<p style=\"text-align: justify; margin: 0cm 0cm 0pt;\"><span style=\"font-size: 14pt; color: #808000; font-family: 'arial black', sans-serif;\"><strong><span style=\"mso-bidi-font-size: 10.0pt;\">Les cotisations sont exigibles dans les quinze premiers jours de l&rsquo;ann\u00e9e qu&rsquo;elles concernent et, pour les nouveaux membres, le jour de leur agr\u00e9ment, en totalit\u00e9, pour le temps restant \u00e0 courir au titre de l&rsquo;ann\u00e9e.<\/span><\/strong><\/span><\/p>\n<p style=\"text-align: justify; margin: 0cm 0cm 0pt;\"><span style=\"font-size: 14pt; color: #808000; font-family: 'arial black', sans-serif;\"><strong><span style=\"mso-bidi-font-size: 10.0pt;\">Toute cotisation pay\u00e9e reste d\u00e9finitivement acquise \u00e0 l&rsquo;Association et tout membre qui cesse de faire partie de celle-ci, pour quelque motif que ce soit, ne peut en r\u00e9clamer le remboursement ni aucune part des biens sociaux.<\/span><\/strong><\/span><\/p>\n<p style=\"margin: 0cm 0cm 0pt;\"><span style=\"font-size: 12pt; font-family: 'arial black', sans-serif;\"><span style=\"color: #99cc00;\">\u00a0<\/span><\/span><\/p>\n<p style=\"margin: 0cm 0cm 0pt;\"><span style=\"color: #993300; font-size: 14pt; font-family: 'arial black', sans-serif;\"><strong><span style=\"text-decoration: underline;\"><span style=\"mso-bidi-font-size: 10.0pt;\">Article 2 &#8211; D\u00e9mission, exclusion et d\u00e9c\u00e8s d&rsquo;un membre<\/span><\/span><\/strong><\/span><\/p>\n<p style=\"text-align: justify; margin: 0cm 0cm 0pt;\"><span style=\"font-size: 14pt; color: #808000; font-family: 'arial black', sans-serif;\">1 <strong>&#8211; La d\u00e9mission d&rsquo;un membre doit \u00eatre adress\u00e9e au pr\u00e9sident du conseil d&rsquo;administration, par lettre recommand\u00e9e avec avis de r\u00e9ception. Tout membre d\u00e9missionnaire perd son droit de vote, d\u00e8s r\u00e9ception de ce courrier.<\/strong><\/span><\/p>\n<p style=\"text-align: justify; margin: 0cm 0cm 0pt;\"><span style=\"font-size: 14pt; color: #808000; font-family: 'arial black', sans-serif;\"><strong><span style=\"mso-bidi-font-size: 10.0pt;\">Celle-ci ne peut prendre effet que chaque ann\u00e9e avant l&rsquo;\u00e9laboration du planning de l&rsquo;ann\u00e9e suivante.<\/span><\/strong><\/span><\/p>\n<p style=\"text-align: justify; margin: 0cm 0cm 0pt;\"><span style=\"font-size: 14pt; color: #808000; font-family: 'arial black', sans-serif;\">\u00a0<\/span><\/p>\n<p style=\"text-align: justify; margin: 0cm 0cm 0pt;\"><span style=\"font-size: 14pt; color: #808000; font-family: 'arial black', sans-serif;\"><strong><span style=\"mso-bidi-font-size: 10.0pt;\">2 &#8211; L&rsquo;exclusion d&rsquo;un membre peut \u00eatre prononc\u00e9e soit pour d\u00e9faut de paiement de sa cotisation six mois apr\u00e8s son \u00e9ch\u00e9ance, soit pour motifs graves. Dans ce deuxi\u00e8me cas, l&rsquo;int\u00e9ress\u00e9 doit \u00eatre au pr\u00e9alable fournir, le cas \u00e9ch\u00e9ant, toutes explications.<\/span><\/strong><\/span><\/p>\n<p style=\"text-align: justify; margin: 0cm 0cm 0pt;\"><span style=\"font-size: 14pt; color: #808000; font-family: 'arial black', sans-serif;\"><strong>\u00a0<\/strong><\/span><\/p>\n<p style=\"text-align: justify; margin: 0cm 0cm 0pt;\"><span style=\"font-size: 14pt; color: #808000; font-family: 'arial black', sans-serif;\"><strong><span style=\"mso-bidi-font-size: 10.0pt;\">En cas d&rsquo;exclusion, la cotisation reste due pour l&rsquo;ann\u00e9e en cours.<\/span><\/strong><\/span><\/p>\n<p style=\"text-align: justify; margin: 0cm 0cm 0pt;\"><span style=\"font-size: 14pt; color: #808000; font-family: 'arial black', sans-serif;\"><strong>\u00a0<\/strong><\/span><\/p>\n<p style=\"text-align: justify; margin: 0cm 0cm 0pt;\"><span style=\"font-size: 14pt; color: #808000; font-family: 'arial black', sans-serif;\"><strong>3 &#8211; Les h\u00e9ritiers ou ayants droit d&rsquo;un membre personne physique ou les attributaires de l&rsquo;actif de toute personne morale membre de l&rsquo;association, ne peuvent pr\u00e9tendre \u00e0 un maintien quelconque dans l&rsquo;Association.<\/strong><\/span><\/p>\n<p style=\"text-align: justify; margin: 0cm 0cm 0pt;\"><span style=\"font-size: 12pt; font-family: 'arial black', sans-serif;\"><span style=\"font-size: 12pt;\">\u00a0<\/span><\/span><\/p>\n<p style=\"margin: 0cm 0cm 0pt;\"><span style=\"color: #993300; font-size: 14pt; font-family: 'arial black', sans-serif;\"><strong><span style=\"text-decoration: underline;\">Article 3 &#8211; Conseil d&rsquo;Administration<\/span><\/strong><\/span><\/p>\n<p style=\"text-align: justify; margin: 0cm 0cm 0pt;\"><span style=\"font-size: 14pt; color: #808000; font-family: 'arial black', sans-serif;\">1 <strong>&#8211; Le Conseil d&rsquo;Administration se r\u00e9unit au moins tous les six mois et aussi souvent que l&rsquo;int\u00e9r\u00eat de l&rsquo;Association l&rsquo;exige ; dans tous les cas, la convocation \u00e9mane soit du pr\u00e9sident, soit de la moiti\u00e9 des membres du Conseil. Le ou les auteurs de la convocation en fixent le lieu.<\/strong><\/span><\/p>\n<p style=\"text-align: justify; margin: 0cm 0cm 0pt;\"><span style=\"font-size: 14pt; color: #808000; font-family: 'arial black', sans-serif;\"><strong>La convocation est effectu\u00e9e par tous moyens : e-mail, courrier recommand\u00e9 ou simple, t\u00e9l\u00e9phone, fax, etc&#8230;<\/strong><\/span><\/p>\n<p style=\"text-align: justify; margin: 0cm 0cm 0pt;\"><span style=\"font-size: 14pt; color: #808000; font-family: 'arial black', sans-serif;\"><strong>\u00a0<\/strong><\/span><\/p>\n<p style=\"text-align: justify; margin: 0cm 0cm 0pt;\"><span style=\"font-size: 14pt; color: #808000; font-family: 'arial black', sans-serif;\"><strong>2 &#8211; Les d\u00e9lib\u00e9rations du conseil sont constat\u00e9es par des proc\u00e8s-verbaux \u00e9tablis sur un registre sp\u00e9cial et sign\u00e9s du pr\u00e9sident et du secr\u00e9taire qui en d\u00e9livrent, ensemble ou s\u00e9par\u00e9ment, tout extrait ou copie.<\/strong><\/span><\/p>\n<p style=\"text-align: justify; margin: 0cm 0cm 0pt;\"><span style=\"font-size: 14pt; color: #808000; font-family: 'arial black', sans-serif;\"><strong>\u00a0<\/strong><\/span><\/p>\n<p style=\"text-align: justify; margin: 0cm 0cm 0pt;\"><span style=\"font-size: 14pt; color: #808000; font-family: 'arial black', sans-serif;\"><strong>3 &#8211; Le conseil peut notamment nommer et r\u00e9voquer tous employ\u00e9s, fixer leur r\u00e9mun\u00e9ration, prendre \u00e0 bail les locaux n\u00e9cessaires aux besoins de l&rsquo;Association, faire effectuer toutes r\u00e9parations, acheter ou vendre tous titres ou valeurs et tous biens meubles et objets mobiliers, faire emploi des fonds de l&rsquo;Association et repr\u00e9senter l&rsquo;Association tant en demande qu&rsquo;en d\u00e9fense.<\/strong><\/span><\/p>\n<p style=\"margin: 0cm 0cm 0pt;\"><span style=\"color: #993300; font-size: 14pt; font-family: 'arial black', sans-serif;\"><strong><span style=\"text-decoration: underline;\">Article 4 &#8211; Assembl\u00e9es G\u00e9n\u00e9rales<\/span><\/strong><\/span><\/p>\n<p style=\"margin: 0cm 0cm 0pt;\"><span style=\"font-size: 14pt; color: #808000; font-family: 'arial black', sans-serif;\"><strong>Les convocations sont faites au moins quinze jours \u00e0 l&rsquo;avance par lettre simple individuelle ou par publication dans un journal d&rsquo;annonces l\u00e9gales, dans ces deux cas en indiquant l&rsquo;ordre du jour de la r\u00e9union.<\/strong><\/span><\/p>\n<p style=\"text-align: justify; margin: 0cm 0cm 0pt;\"><span style=\"font-size: 14pt; color: #808000; font-family: 'arial black', sans-serif;\"><strong>Celui-ci est dress\u00e9 par le Conseil. Il n&rsquo;y est port\u00e9 que les propositions \u00e9manant de lui et celles qui lui ont \u00e9t\u00e9 communiqu\u00e9es un mois au moins avant la r\u00e9union, avec la signature d&rsquo;au moins la moiti\u00e9 des membres de l&rsquo;Association, quelle que soit la cat\u00e9gorie \u00e0 laquelle ils appartiennent.<\/strong><\/span><\/p>\n<p style=\"text-align: justify; margin: 0cm 0cm 0pt;\"><span style=\"font-size: 14pt; color: #808000; font-family: 'arial black', sans-serif;\"><strong>La r\u00e9union se tient au lieu pr\u00e9cis\u00e9 par le conseil dans l&rsquo;avis de convocation.<\/strong><\/span><\/p>\n<p style=\"margin: 0cm 0cm 0pt;\"><span style=\"font-size: 14pt; color: #808000; font-family: 'arial black', sans-serif;\">\u00a0<\/span><\/p>\n<p style=\"margin: 0cm 0cm 0pt;\"><span style=\"color: #993300; font-size: 14pt; font-family: 'arial black', sans-serif;\"><strong><span style=\"text-decoration: underline;\">Article 5 &#8211; Emploi du fonds de r\u00e9serve<\/span><\/strong><\/span><\/p>\n<p style=\"text-align: justify; margin: 0cm 0cm 0pt;\"><span style=\"font-size: 14pt; color: #808000; font-family: 'arial black', sans-serif;\"><strong>S&rsquo;il est constitu\u00e9 un fonds de r\u00e9serve, celui-ci sera employ\u00e9 aux besoins prioritaires de l&rsquo;Association li\u00e9s \u00e0 son activit\u00e9 et \u00e0 son d\u00e9veloppement.<\/strong><\/span><\/p>\n<p style=\"text-align: justify; margin: 0cm 0cm 0pt;\"><span style=\"font-size: 14pt; color: #808000; font-family: 'arial black', sans-serif;\"><strong>Il pourra \u00e9galement \u00eatre plac\u00e9 en valeurs mobili\u00e8res au nom de l&rsquo;Association, sur d\u00e9cision du conseil d&rsquo;administration.<\/strong><\/span><\/p>\n<p style=\"text-align: justify; margin: 0cm 0cm 0pt;\"><span style=\"font-size: 12pt; font-family: 'arial black', sans-serif;\"><span style=\"font-size: 12pt;\">\u00a0<\/span><\/span><\/p>\n<p style=\"margin: 0cm 0cm 0pt;\"><span style=\"color: #993300; font-size: 14pt; font-family: 'arial black', sans-serif;\"><strong><span style=\"text-decoration: underline;\">Article 6<\/span><\/strong><\/span><\/p>\n<p style=\"margin: 0cm 0cm 0pt;\"><span style=\"font-size: 14pt; color: #808000; font-family: 'arial black', sans-serif;\"><strong>Chaque membre de l&rsquo;Association s&rsquo;engage \u00e0 utiliser les services de celle-ci pour une dur\u00e9e de 6 ans.<\/strong><\/span><\/p>\n<p style=\"text-align: justify; margin: 0cm 0cm 0pt;\"><span style=\"font-size: 14pt; color: #808000; font-family: 'arial black', sans-serif;\"><strong>Celui-ci \u00e9tablit, en cons\u00e9quence, un budget pr\u00e9visionnel permettant d&rsquo;appeler les cotisations sur cette base,<\/strong><\/span><\/p>\n<p style=\"text-align: justify; margin: 0cm 0cm 0pt;\"><span style=\"font-size: 14pt; color: #808000; font-family: 'arial black', sans-serif;\"><strong>Chaque adh\u00e9rent s&rsquo;engage \u00e0 r\u00e9gler sa cotisation dans les huit jours de l&rsquo;appel qui lui sera fait, de m\u00eame que le solde d\u00e9finitif.<\/strong><\/span><\/p>\n<\/div>\n","protected":false},"excerpt":{"rendered":"<p>\u00a0\u00a0 Article premier &#8211; Exigibilit\u00e9 des cotisations \u00a0 Les cotisations sont exigibles dans les quinze premiers jours de l&rsquo;ann\u00e9e qu&rsquo;elles concernent et, pour les nouveaux membres, le jour de leur agr\u00e9ment, en totalit\u00e9, pour le temps restant \u00e0 courir au titre de l&rsquo;ann\u00e9e. Toute cotisation pay\u00e9e reste d\u00e9finitivement acquise \u00e0 l&rsquo;Association et tout membre qui [&hellip;]<\/p>\n","protected":false},"author":2,"featured_media":0,"parent":0,"menu_order":0,"comment_status":"open","ping_status":"open","template":"","meta":{"jetpack_post_was_ever_published":false,"footnotes":""},"class_list":["post-97","page","type-page","status-publish","hentry"],"jetpack_sharing_enabled":true,"jetpack_shortlink":"https:\/\/wp.me\/P5o8j7-1z","_links":{"self":[{"href":"http:\/\/www.unenfantuncartable17.fr\/index.php?rest_route=\/wp\/v2\/pages\/97","targetHints":{"allow":["GET"]}}],"collection":[{"href":"http:\/\/www.unenfantuncartable17.fr\/index.php?rest_route=\/wp\/v2\/pages"}],"about":[{"href":"http:\/\/www.unenfantuncartable17.fr\/index.php?rest_route=\/wp\/v2\/types\/page"}],"author":[{"embeddable":true,"href":"http:\/\/www.unenfantuncartable17.fr\/index.php?rest_route=\/wp\/v2\/users\/2"}],"replies":[{"embeddable":true,"href":"http:\/\/www.unenfantuncartable17.fr\/index.php?rest_route=%2Fwp%2Fv2%2Fcomments&post=97"}],"version-history":[{"count":5,"href":"http:\/\/www.unenfantuncartable17.fr\/index.php?rest_route=\/wp\/v2\/pages\/97\/revisions"}],"predecessor-version":[{"id":4917,"href":"http:\/\/www.unenfantuncartable17.fr\/index.php?rest_route=\/wp\/v2\/pages\/97\/revisions\/4917"}],"wp:attachment":[{"href":"http:\/\/www.unenfantuncartable17.fr\/index.php?rest_route=%2Fwp%2Fv2%2Fmedia&parent=97"}],"curies":[{"name":"wp","href":"https:\/\/api.w.org\/{rel}","templated":true}]}}

Le réglement intérieur

<div class="ob-section ob-section-html">
<p class="MsoTitle" style="margin: 0cm 0cm 0pt;"><span style="font-size: 12pt; mso-bidi-font-size: 10.0pt;"><span style="font-family: Times New Roman;"> </span></span><span style="font-size: 12pt; mso-bidi-font-size: 10.0pt;"><span style="font-family: Times New Roman;"> </span></span></p>
<p style="margin: 0cm 0cm 0pt;"><span style="color: #993300; font-size: 14pt; font-family: 'arial black', sans-serif;"><strong><span style="text-decoration: underline;"><span style="mso-bidi-font-size: 10.0pt;">Article premier &#8211; Exigibilité des cotisations</span></span></strong></span></p>
<p style="margin: 0cm 0cm 0pt;"><span style="font-family: 'arial black', sans-serif;"><strong> </strong></span></p>
<p style="text-align: justify; margin: 0cm 0cm 0pt;"><span style="font-size: 14pt; color: #808000; font-family: 'arial black', sans-serif;"><strong><span style="mso-bidi-font-size: 10.0pt;">Les cotisations sont exigibles dans les quinze premiers jours de l&rsquo;année qu&rsquo;elles concernent et, pour les nouveaux membres, le jour de leur agrément, en totalité, pour le temps restant à courir au titre de l&rsquo;année.</span></strong></span></p>
<p style="text-align: justify; margin: 0cm 0cm 0pt;"><span style="font-size: 14pt; color: #808000; font-family: 'arial black', sans-serif;"><strong><span style="mso-bidi-font-size: 10.0pt;">Toute cotisation payée reste définitivement acquise à l&rsquo;Association et tout membre qui cesse de faire partie de celle-ci, pour quelque motif que ce soit, ne peut en réclamer le remboursement ni aucune part des biens sociaux.</span></strong></span></p>
<p style="margin: 0cm 0cm 0pt;"><span style="font-size: 12pt; font-family: 'arial black', sans-serif;"><span style="color: #99cc00;"> </span></span></p>
<p style="margin: 0cm 0cm 0pt;"><span style="color: #993300; font-size: 14pt; font-family: 'arial black', sans-serif;"><strong><span style="text-decoration: underline;"><span style="mso-bidi-font-size: 10.0pt;">Article 2 &#8211; Démission, exclusion et décès d&rsquo;un membre</span></span></strong></span></p>
<p style="text-align: justify; margin: 0cm 0cm 0pt;"><span style="font-size: 14pt; color: #808000; font-family: 'arial black', sans-serif;">1 <strong>&#8211; La démission d&rsquo;un membre doit être adressée au président du conseil d&rsquo;administration, par lettre recommandée avec avis de réception. Tout membre démissionnaire perd son droit de vote, dès réception de ce courrier.</strong></span></p>
<p style="text-align: justify; margin: 0cm 0cm 0pt;"><span style="font-size: 14pt; color: #808000; font-family: 'arial black', sans-serif;"><strong><span style="mso-bidi-font-size: 10.0pt;">Celle-ci ne peut prendre effet que chaque année avant l&rsquo;élaboration du planning de l&rsquo;année suivante.</span></strong></span></p>
<p style="text-align: justify; margin: 0cm 0cm 0pt;"><span style="font-size: 14pt; color: #808000; font-family: 'arial black', sans-serif;"> </span></p>
<p style="text-align: justify; margin: 0cm 0cm 0pt;"><span style="font-size: 14pt; color: #808000; font-family: 'arial black', sans-serif;"><strong><span style="mso-bidi-font-size: 10.0pt;">2 &#8211; L&rsquo;exclusion d&rsquo;un membre peut être prononcée soit pour défaut de paiement de sa cotisation six mois après son échéance, soit pour motifs graves. Dans ce deuxième cas, l&rsquo;intéressé doit être au préalable fournir, le cas échéant, toutes explications.</span></strong></span></p>
<p style="text-align: justify; margin: 0cm 0cm 0pt;"><span style="font-size: 14pt; color: #808000; font-family: 'arial black', sans-serif;"><strong> </strong></span></p>
<p style="text-align: justify; margin: 0cm 0cm 0pt;"><span style="font-size: 14pt; color: #808000; font-family: 'arial black', sans-serif;"><strong><span style="mso-bidi-font-size: 10.0pt;">En cas d&rsquo;exclusion, la cotisation reste due pour l&rsquo;année en cours.</span></strong></span></p>
<p style="text-align: justify; margin: 0cm 0cm 0pt;"><span style="font-size: 14pt; color: #808000; font-family: 'arial black', sans-serif;"><strong> </strong></span></p>
<p style="text-align: justify; margin: 0cm 0cm 0pt;"><span style="font-size: 14pt; color: #808000; font-family: 'arial black', sans-serif;"><strong>3 &#8211; Les héritiers ou ayants droit d&rsquo;un membre personne physique ou les attributaires de l&rsquo;actif de toute personne morale membre de l&rsquo;association, ne peuvent prétendre à un maintien quelconque dans l&rsquo;Association.</strong></span></p>
<p style="text-align: justify; margin: 0cm 0cm 0pt;"><span style="font-size: 12pt; font-family: 'arial black', sans-serif;"><span style="font-size: 12pt;"> </span></span></p>
<p style="margin: 0cm 0cm 0pt;"><span style="color: #993300; font-size: 14pt; font-family: 'arial black', sans-serif;"><strong><span style="text-decoration: underline;">Article 3 &#8211; Conseil d&rsquo;Administration</span></strong></span></p>
<p style="text-align: justify; margin: 0cm 0cm 0pt;"><span style="font-size: 14pt; color: #808000; font-family: 'arial black', sans-serif;">1 <strong>&#8211; Le Conseil d&rsquo;Administration se réunit au moins tous les six mois et aussi souvent que l&rsquo;intérêt de l&rsquo;Association l&rsquo;exige ; dans tous les cas, la convocation émane soit du président, soit de la moitié des membres du Conseil. Le ou les auteurs de la convocation en fixent le lieu.</strong></span></p>
<p style="text-align: justify; margin: 0cm 0cm 0pt;"><span style="font-size: 14pt; color: #808000; font-family: 'arial black', sans-serif;"><strong>La convocation est effectuée par tous moyens : e-mail, courrier recommandé ou simple, téléphone, fax, etc&#8230;</strong></span></p>
<p style="text-align: justify; margin: 0cm 0cm 0pt;"><span style="font-size: 14pt; color: #808000; font-family: 'arial black', sans-serif;"><strong> </strong></span></p>
<p style="text-align: justify; margin: 0cm 0cm 0pt;"><span style="font-size: 14pt; color: #808000; font-family: 'arial black', sans-serif;"><strong>2 &#8211; Les délibérations du conseil sont constatées par des procès-verbaux établis sur un registre spécial et signés du président et du secrétaire qui en délivrent, ensemble ou séparément, tout extrait ou copie.</strong></span></p>
<p style="text-align: justify; margin: 0cm 0cm 0pt;"><span style="font-size: 14pt; color: #808000; font-family: 'arial black', sans-serif;"><strong> </strong></span></p>
<p style="text-align: justify; margin: 0cm 0cm 0pt;"><span style="font-size: 14pt; color: #808000; font-family: 'arial black', sans-serif;"><strong>3 &#8211; Le conseil peut notamment nommer et révoquer tous employés, fixer leur rémunération, prendre à bail les locaux nécessaires aux besoins de l&rsquo;Association, faire effectuer toutes réparations, acheter ou vendre tous titres ou valeurs et tous biens meubles et objets mobiliers, faire emploi des fonds de l&rsquo;Association et représenter l&rsquo;Association tant en demande qu&rsquo;en défense.</strong></span></p>
<p style="margin: 0cm 0cm 0pt;"><span style="color: #993300; font-size: 14pt; font-family: 'arial black', sans-serif;"><strong><span style="text-decoration: underline;">Article 4 &#8211; Assemblées Générales</span></strong></span></p>
<p style="margin: 0cm 0cm 0pt;"><span style="font-size: 14pt; color: #808000; font-family: 'arial black', sans-serif;"><strong>Les convocations sont faites au moins quinze jours à l&rsquo;avance par lettre simple individuelle ou par publication dans un journal d&rsquo;annonces légales, dans ces deux cas en indiquant l&rsquo;ordre du jour de la réunion.</strong></span></p>
<p style="text-align: justify; margin: 0cm 0cm 0pt;"><span style="font-size: 14pt; color: #808000; font-family: 'arial black', sans-serif;"><strong>Celui-ci est dressé par le Conseil. Il n&rsquo;y est porté que les propositions émanant de lui et celles qui lui ont été communiquées un mois au moins avant la réunion, avec la signature d&rsquo;au moins la moitié des membres de l&rsquo;Association, quelle que soit la catégorie à laquelle ils appartiennent.</strong></span></p>
<p style="text-align: justify; margin: 0cm 0cm 0pt;"><span style="font-size: 14pt; color: #808000; font-family: 'arial black', sans-serif;"><strong>La réunion se tient au lieu précisé par le conseil dans l&rsquo;avis de convocation.</strong></span></p>
<p style="margin: 0cm 0cm 0pt;"><span style="font-size: 14pt; color: #808000; font-family: 'arial black', sans-serif;"> </span></p>
<p style="margin: 0cm 0cm 0pt;"><span style="color: #993300; font-size: 14pt; font-family: 'arial black', sans-serif;"><strong><span style="text-decoration: underline;">Article 5 &#8211; Emploi du fonds de réserve</span></strong></span></p>
<p style="text-align: justify; margin: 0cm 0cm 0pt;"><span style="font-size: 14pt; color: #808000; font-family: 'arial black', sans-serif;"><strong>S&rsquo;il est constitué un fonds de réserve, celui-ci sera employé aux besoins prioritaires de l&rsquo;Association liés à son activité et à son développement.</strong></span></p>
<p style="text-align: justify; margin: 0cm 0cm 0pt;"><span style="font-size: 14pt; color: #808000; font-family: 'arial black', sans-serif;"><strong>Il pourra également être placé en valeurs mobilières au nom de l&rsquo;Association, sur décision du conseil d&rsquo;administration.</strong></span></p>
<p style="text-align: justify; margin: 0cm 0cm 0pt;"><span style="font-size: 12pt; font-family: 'arial black', sans-serif;"><span style="font-size: 12pt;"> </span></span></p>
<p style="margin: 0cm 0cm 0pt;"><span style="color: #993300; font-size: 14pt; font-family: 'arial black', sans-serif;"><strong><span style="text-decoration: underline;">Article 6</span></strong></span></p>
<p style="margin: 0cm 0cm 0pt;"><span style="font-size: 14pt; color: #808000; font-family: 'arial black', sans-serif;"><strong>Chaque membre de l&rsquo;Association s&rsquo;engage à utiliser les services de celle-ci pour une durée de 6 ans.</strong></span></p>
<p style="text-align: justify; margin: 0cm 0cm 0pt;"><span style="font-size: 14pt; color: #808000; font-family: 'arial black', sans-serif;"><strong>Celui-ci établit, en conséquence, un budget prévisionnel permettant d&rsquo;appeler les cotisations sur cette base,</strong></span></p>
<p style="text-align: justify; margin: 0cm 0cm 0pt;"><span style="font-size: 14pt; color: #808000; font-family: 'arial black', sans-serif;"><strong>Chaque adhérent s&rsquo;engage à régler sa cotisation dans les huit jours de l&rsquo;appel qui lui sera fait, de même que le solde définitif.</strong></span></p>
</div>

<p>   Article premier &#8211; Exigibilité des cotisations   Les cotisations sont exigibles dans les quinze premiers jours de l&rsquo;année qu&rsquo;elles concernent et, pour les nouveaux membres, le jour de leur agrément, en totalité, pour le temps restant à courir au titre de l&rsquo;année. Toute cotisation payée reste définitivement acquise à l&rsquo;Association et tout membre qui [&hellip;]</p>
