{"id":93,"date":"2014-01-23T15:17:01","date_gmt":"2014-01-23T15:17:01","guid":{"rendered":"http:\/\/www.unenfantuncartable17.fr\/?page_id=93"},"modified":"2018-10-27T09:01:47","modified_gmt":"2018-10-27T08:01:47","slug":"pagespour_nous_joindre","status":"publish","type":"page","link":"http:\/\/www.unenfantuncartable17.fr\/?page_id=93","title":{"rendered":"Pour nous joindre"},"content":{"rendered":"<div class=\"ob-section ob-section-html\">\n<p><span style=\"color: #808000; font-size: 18pt; font-family: 'arial black', 'avant garde';\"><strong>Vous d\u00e9sirez adh\u00e9rer ?<\/strong><\/span><\/p>\n<p><span style=\"font-family: 'arial black', sans-serif; color: #ffcc00; font-size: 12pt;\"><span style=\"color: #993300; font-size: 14pt;\"><strong>Imprimez et envoyez\u00a0le bulletin situ\u00e9 dans la rubrique<\/strong><\/span>\u00a0<span style=\"color: #808000;\">\u00ab\u00a0<\/span><strong><span style=\"color: #99cc00;\"><span style=\"font-size: 14pt; color: #808000;\">Comment adh\u00e9rer ?\u00a0\u00bb\u00a0<\/span>\u00a0<\/span><span style=\"font-size: 14pt; color: #993300;\">situ\u00e9e dans la page du m\u00eame nom.<\/span><\/strong><\/span><\/p>\n<p><span style=\"font-family: 'arial black', sans-serif; text-decoration: underline; font-size: 14pt; color: #808000;\"><span style=\"text-decoration: underline;\"><strong>Le courrier est \u00e0 adresser \u00e0 :<\/strong><\/span><\/span><\/p>\n<p><span style=\"font-family: 'arial black', sans-serif; font-size: 14pt; color: #993300;\"><strong><span style=\"mso-fareast-font-family: ArialNarrow; mso-bidi-font-family: ArialNarrow;\">Jean-Claude Brossard<\/span><\/strong><\/span><\/p>\n<p><span style=\"font-family: 'arial black', sans-serif; color: #993300; font-size: 14pt;\"><strong><span style=\"mso-fareast-font-family: ArialNarrow; mso-bidi-font-family: ArialNarrow;\">12 rue de la Cabane des P\u00e8res<\/span><\/strong><\/span><\/p>\n<p style=\"margin: 0cm 0cm 0pt;\"><span style=\"font-family: 'arial black', sans-serif; color: #993300; font-size: 14pt;\"><strong><span style=\"mso-fareast-font-family: ArialNarrow; mso-bidi-font-family: ArialNarrow;\">17340 Ch\u00e2telaillon-Plage<\/span><\/strong><\/span><\/p>\n<p style=\"margin: 0cm 0cm 0pt; text-autospace: ideograph-numeric;\"><span style=\"font-family: 'arial black', sans-serif; font-size: 12pt;\"><span style=\"color: #ff9900;\">\u00a0<\/span><\/span><\/p>\n<p><span style=\"font-family: 'arial black', sans-serif; font-size: 14pt;\"><strong><span style=\"color: #808000;\">Vous souhaitez des renseignements?<\/span><\/strong><\/span><\/p>\n<p><span style=\"font-family: 'arial black', sans-serif; color: #993300; font-size: 14pt;\"><strong><a style=\"color: #993300;\" href=\"mailto:unenfant.uncartable17@gmail.com\">unenfant.uncartable17@gmail.com<\/a><\/strong><\/span><\/p>\n<p>&nbsp;<\/p>\n<p><span style=\"font-family: arial,helvetica,sans-serif;\">\u00a0<\/span><\/p>\n<\/div>\n","protected":false},"excerpt":{"rendered":"<p>Vous d\u00e9sirez adh\u00e9rer ? Imprimez et envoyez\u00a0le bulletin situ\u00e9 dans la rubrique\u00a0\u00ab\u00a0Comment adh\u00e9rer ?\u00a0\u00bb\u00a0\u00a0situ\u00e9e dans la page du m\u00eame nom. Le courrier est \u00e0 adresser \u00e0 : Jean-Claude Brossard 12 rue de la Cabane des P\u00e8res 17340 Ch\u00e2telaillon-Plage \u00a0 Vous souhaitez des renseignements? unenfant.uncartable17@gmail.com &nbsp; \u00a0<\/p>\n","protected":false},"author":2,"featured_media":0,"parent":0,"menu_order":0,"comment_status":"open","ping_status":"open","template":"","meta":{"jetpack_post_was_ever_published":false,"footnotes":""},"class_list":["post-93","page","type-page","status-publish","hentry"],"jetpack_sharing_enabled":true,"jetpack_shortlink":"https:\/\/wp.me\/P5o8j7-1v","_links":{"self":[{"href":"http:\/\/www.unenfantuncartable17.fr\/index.php?rest_route=\/wp\/v2\/pages\/93","targetHints":{"allow":["GET"]}}],"collection":[{"href":"http:\/\/www.unenfantuncartable17.fr\/index.php?rest_route=\/wp\/v2\/pages"}],"about":[{"href":"http:\/\/www.unenfantuncartable17.fr\/index.php?rest_route=\/wp\/v2\/types\/page"}],"author":[{"embeddable":true,"href":"http:\/\/www.unenfantuncartable17.fr\/index.php?rest_route=\/wp\/v2\/users\/2"}],"replies":[{"embeddable":true,"href":"http:\/\/www.unenfantuncartable17.fr\/index.php?rest_route=%2Fwp%2Fv2%2Fcomments&post=93"}],"version-history":[{"count":9,"href":"http:\/\/www.unenfantuncartable17.fr\/index.php?rest_route=\/wp\/v2\/pages\/93\/revisions"}],"predecessor-version":[{"id":1822,"href":"http:\/\/www.unenfantuncartable17.fr\/index.php?rest_route=\/wp\/v2\/pages\/93\/revisions\/1822"}],"wp:attachment":[{"href":"http:\/\/www.unenfantuncartable17.fr\/index.php?rest_route=%2Fwp%2Fv2%2Fmedia&parent=93"}],"curies":[{"name":"wp","href":"https:\/\/api.w.org\/{rel}","templated":true}]}}