{"id":90,"date":"2014-05-06T12:36:33","date_gmt":"2014-05-06T12:36:33","guid":{"rendered":"http:\/\/www.unenfantuncartable17.fr\/?page_id=90"},"modified":"2025-09-20T10:49:02","modified_gmt":"2025-09-20T09:49:02","slug":"pagesqui_dirige_lassociation_","status":"publish","type":"page","link":"http:\/\/www.unenfantuncartable17.fr\/?page_id=90","title":{"rendered":"Qui anime l&rsquo;association ?"},"content":{"rendered":"<div class=\"ob-section ob-section-html\">\n<p><span style=\"font-size: 14pt; color: #993300; font-family: 'arial black', sans-serif;\"><strong>Le conseil d&rsquo;administration <\/strong><strong>:\u00a0<\/strong><\/span><\/p>\n<p><span style=\"font-size: 14pt; color: #808000; font-family: 'arial black', sans-serif;\"><strong><span style=\"color: #808000;\">Patrick Baudin (2024) Jean-Claude Brossard (2022)\u00a0 Marie Gauthier (2020) Bernard Gayout (2023) Louis Le Bl\u00e9vec (2022) Murielle Minet (2024) Philippe Moquet (2019) Patrick Larnaud (2020) Catherine Muller (2019) \u00a0Guy Nakache (2023)\u00a0<\/span><\/strong><\/span><\/p>\n<p><span style=\"font-family: arial, helvetica, sans-serif; color: #993300;\"><span style=\"font-size: 14pt;\">E<\/span><strong>ntre parenth\u00e8ses : date d&rsquo;\u00e9lection ou de r\u00e9\u00e9lection<\/strong><\/span><\/p>\n<p><span style=\"font-size: 14pt; font-family: 'arial black', sans-serif;\"><strong><span style=\"color: #993300;\">Le bureau:<\/span><\/strong><\/span><\/p>\n<p><span style=\"font-family: 'arial black', sans-serif;\"><strong><span style=\"font-size: 14pt;\"><span style=\"color: #808000;\">Jean-Claude Brossard<\/span>\u00a0<\/span><span style=\"color: #993300; font-family: arial, helvetica, sans-serif; font-size: 14pt;\">(pr\u00e9sident)<\/span><\/strong><\/span><\/p>\n<p><span style=\"font-family: 'arial black', sans-serif;\"><strong><span style=\"color: #808000;\"><span style=\"font-size: 18.6667px;\">Guy Nakache<\/span><\/span>\u00a0<span style=\"color: #993300; font-family: arial, helvetica, sans-serif; font-size: 14pt;\">(vice-pr\u00e9sident)<\/span><\/strong><\/span><\/p>\n<p><span style=\"font-family: 'arial black', sans-serif; font-size: 14pt; color: #808000;\"><strong>Louis Le Bl\u00e9vec <span style=\"color: #993300; font-family: arial, helvetica, sans-serif;\">(tr\u00e9sorier)<\/span><\/strong><\/span><\/p>\n<p><span style=\"color: #ffcc00; font-family: 'arial black', sans-serif; font-size: 12pt;\"><strong><span style=\"font-size: 14pt; color: #808000;\">Philippe Moquet\u00a0<\/span><span style=\"color: #993300; font-size: 14pt; font-family: arial, helvetica, sans-serif;\">(secr\u00e9taire)<\/span><\/strong><\/span><\/p>\n<p><span style=\"font-family: 'arial black', sans-serif;\"><strong><span style=\"color: #808000;\"><span style=\"font-size: 18.6667px;\">Catherine Muller <span style=\"font-family: arial, helvetica, sans-serif; color: #993300;\">(secr\u00e9taire-adjointe)<\/span><\/span><\/span><\/strong><\/span><\/p>\n<p style=\"margin: 0cm 0cm 0pt;\"><span style=\"font-family: 'arial black', sans-serif;\">\u00a0<\/span><\/p>\n<p style=\"margin: 0cm 0cm 0pt;\"><span style=\"font-family: 'arial black', sans-serif;\"><strong>\u00a0<\/strong><\/span><\/p>\n<p style=\"margin: 0cm 0cm 0pt;\"><span style=\"font-family: 'arial black', sans-serif;\">\u00a0<\/span><\/p>\n<p><strong><span style=\"font-family: arial,helvetica,sans-serif; font-size: 12pt;\">\u00a0<\/span><\/strong><\/p>\n<\/div>\n","protected":false},"excerpt":{"rendered":"<p>Le conseil d&rsquo;administration :\u00a0 Patrick Baudin (2024) Jean-Claude Brossard (2022)\u00a0 Marie Gauthier (2020) Bernard Gayout (2023) Louis Le Bl\u00e9vec (2022) Murielle Minet (2024) Philippe Moquet (2019) Patrick Larnaud (2020) Catherine Muller (2019) \u00a0Guy Nakache (2023)\u00a0 Entre parenth\u00e8ses : date d&rsquo;\u00e9lection ou de r\u00e9\u00e9lection Le bureau: Jean-Claude Brossard\u00a0(pr\u00e9sident) Guy Nakache\u00a0(vice-pr\u00e9sident) Louis Le Bl\u00e9vec (tr\u00e9sorier) Philippe Moquet\u00a0(secr\u00e9taire) [&hellip;]<\/p>\n","protected":false},"author":2,"featured_media":0,"parent":0,"menu_order":0,"comment_status":"open","ping_status":"open","template":"","meta":{"jetpack_post_was_ever_published":false,"footnotes":""},"class_list":["post-90","page","type-page","status-publish","hentry"],"jetpack_sharing_enabled":true,"jetpack_shortlink":"https:\/\/wp.me\/P5o8j7-1s","_links":{"self":[{"href":"http:\/\/www.unenfantuncartable17.fr\/index.php?rest_route=\/wp\/v2\/pages\/90","targetHints":{"allow":["GET"]}}],"collection":[{"href":"http:\/\/www.unenfantuncartable17.fr\/index.php?rest_route=\/wp\/v2\/pages"}],"about":[{"href":"http:\/\/www.unenfantuncartable17.fr\/index.php?rest_route=\/wp\/v2\/types\/page"}],"author":[{"embeddable":true,"href":"http:\/\/www.unenfantuncartable17.fr\/index.php?rest_route=\/wp\/v2\/users\/2"}],"replies":[{"embeddable":true,"href":"http:\/\/www.unenfantuncartable17.fr\/index.php?rest_route=%2Fwp%2Fv2%2Fcomments&post=90"}],"version-history":[{"count":49,"href":"http:\/\/www.unenfantuncartable17.fr\/index.php?rest_route=\/wp\/v2\/pages\/90\/revisions"}],"predecessor-version":[{"id":4914,"href":"http:\/\/www.unenfantuncartable17.fr\/index.php?rest_route=\/wp\/v2\/pages\/90\/revisions\/4914"}],"wp:attachment":[{"href":"http:\/\/www.unenfantuncartable17.fr\/index.php?rest_route=%2Fwp%2Fv2%2Fmedia&parent=90"}],"curies":[{"name":"wp","href":"https:\/\/api.w.org\/{rel}","templated":true}]}}

<div class="ob-section ob-section-html">
<p><span style="font-size: 14pt; color: #993300; font-family: 'arial black', sans-serif;"><strong>Le conseil d&rsquo;administration </strong><strong>: </strong></span></p>
<p><span style="font-size: 14pt; color: #808000; font-family: 'arial black', sans-serif;"><strong><span style="color: #808000;">Patrick Baudin (2024) Jean-Claude Brossard (2022)  Marie Gauthier (2020) Bernard Gayout (2023) Louis Le Blévec (2022) Murielle Minet (2024) Philippe Moquet (2019) Patrick Larnaud (2020) Catherine Muller (2019)  Guy Nakache (2023) </span></strong></span></p>
<p><span style="font-family: arial, helvetica, sans-serif; color: #993300;"><span style="font-size: 14pt;">E</span><strong>ntre parenthèses : date d&rsquo;élection ou de réélection</strong></span></p>
<p><span style="font-size: 14pt; font-family: 'arial black', sans-serif;"><strong><span style="color: #993300;">Le bureau:</span></strong></span></p>
<p><span style="font-family: 'arial black', sans-serif;"><strong><span style="font-size: 14pt;"><span style="color: #808000;">Jean-Claude Brossard</span> </span><span style="color: #993300; font-family: arial, helvetica, sans-serif; font-size: 14pt;">(président)</span></strong></span></p>
<p><span style="font-family: 'arial black', sans-serif;"><strong><span style="color: #808000;"><span style="font-size: 18.6667px;">Guy Nakache</span></span> <span style="color: #993300; font-family: arial, helvetica, sans-serif; font-size: 14pt;">(vice-président)</span></strong></span></p>
<p><span style="font-family: 'arial black', sans-serif; font-size: 14pt; color: #808000;"><strong>Louis Le Blévec <span style="color: #993300; font-family: arial, helvetica, sans-serif;">(trésorier)</span></strong></span></p>
<p><span style="color: #ffcc00; font-family: 'arial black', sans-serif; font-size: 12pt;"><strong><span style="font-size: 14pt; color: #808000;">Philippe Moquet </span><span style="color: #993300; font-size: 14pt; font-family: arial, helvetica, sans-serif;">(secrétaire)</span></strong></span></p>
<p><span style="font-family: 'arial black', sans-serif;"><strong><span style="color: #808000;"><span style="font-size: 18.6667px;">Catherine Muller <span style="font-family: arial, helvetica, sans-serif; color: #993300;">(secrétaire-adjointe)</span></span></span></strong></span></p>
<p style="margin: 0cm 0cm 0pt;"><span style="font-family: 'arial black', sans-serif;"> </span></p>
<p style="margin: 0cm 0cm 0pt;"><span style="font-family: 'arial black', sans-serif;"><strong> </strong></span></p>
<p style="margin: 0cm 0cm 0pt;"><span style="font-family: 'arial black', sans-serif;"> </span></p>
<p><strong><span style="font-family: arial,helvetica,sans-serif; font-size: 12pt;"> </span></strong></p>
</div>

<p>Le conseil d&rsquo;administration :  Patrick Baudin (2024) Jean-Claude Brossard (2022)  Marie Gauthier (2020) Bernard Gayout (2023) Louis Le Blévec (2022) Murielle Minet (2024) Philippe Moquet (2019) Patrick Larnaud (2020) Catherine Muller (2019)  Guy Nakache (2023)  Entre parenthèses : date d&rsquo;élection ou de réélection Le bureau: Jean-Claude Brossard (président) Guy Nakache (vice-président) Louis Le Blévec (trésorier) Philippe Moquet (secrétaire) [&hellip;]</p>
