{"id":89,"date":"2014-07-11T09:36:52","date_gmt":"2014-07-11T09:36:52","guid":{"rendered":"http:\/\/www.unenfantuncartable17.fr\/?page_id=89"},"modified":"2025-09-20T11:04:59","modified_gmt":"2025-09-20T10:04:59","slug":"pagesqui_sommesnous_","status":"publish","type":"page","link":"http:\/\/www.unenfantuncartable17.fr\/?page_id=89","title":{"rendered":"Qui sommes-nous ?"},"content":{"rendered":"<div class=\"ob-section ob-section-html\">\n<p class=\"NormalWeb5\" style=\"margin: 0cm 0cm 0pt; text-autospace: ideograph-numeric;\"><span style=\"font-family: Times New Roman;\"><span style=\"color: #ff9900; font-size: 14pt; mso-fareast-font-family: ArialNarrow;\"><img loading=\"lazy\" decoding=\"async\" class=\"CtreTexte aligncenter\" src=\"http:\/\/www.unenfantuncartable17.fr\/wp-content\/uploads\/2014\/07\/Wandie-089.jpg\" alt=\"Wandi\u00e9 089\" width=\"500\" height=\"375\" \/><\/span><\/span><\/p>\n<p class=\"NormalWeb5\" style=\"margin: 0cm 0cm 0pt; text-autospace: ideograph-numeric;\"><span style=\"font-family: Times New Roman;\"><span style=\"color: #ff9900; font-size: 14pt; mso-fareast-font-family: ArialNarrow;\">\u00a0 \u00a0 \u00a0 \u00a0 \u00a0 \u00a0 \u00a0 \u00a0 \u00a0 \u00a0 \u00a0 \u00a0 \u00a0<\/span><\/span><span style=\"text-decoration: underline;\"><span style=\"font-family: 'Times New Roman'; color: #993300;\"><span style=\"font-size: 10pt;\"><span style=\"font-family: arial,helvetica,sans-serif;\"><strong>Les enfants et leurs instituteurs devant l&rsquo;\u00e9cole de Wandi\u00e9 construite en 2008-2009<\/strong><\/span><\/span><\/span><\/span><\/p>\n<p class=\"NormalWeb5\" style=\"margin: 0cm 0cm 0pt; text-autospace: ideograph-numeric;\"><span style=\"font-family: Times New Roman;\"><span style=\"color: #ff9900; mso-fareast-font-family: ArialNarrow;\"><span style=\"font-size: 10pt;\"><span style=\"font-family: arial,helvetica,sans-serif;\">\u00a0<\/span><\/span><\/span><\/span><\/p>\n<p class=\"NormalWeb5\" style=\"margin: 0cm 0cm 0pt; text-autospace: ideograph-numeric;\"><span style=\"font-family: arial black,avant garde;\"><span style=\"color: #ff9900; font-size: 14pt; mso-fareast-font-family: ArialNarrow;\">\u00a0<\/span><\/span><\/p>\n<p class=\"NormalWeb5\" style=\"margin: 0cm 0cm 0pt; text-autospace: ideograph-numeric;\"><span style=\"font-family: arial black,avant garde;\"><span style=\"color: #993300;\"><strong><span style=\"font-size: 14pt; mso-fareast-font-family: ArialNarrow;\">\u00ab Un enfant, un\u00a0\u00a0 cartable \u00bb\u00a0 Association Jean-Louis BAROIN, cr\u00e9\u00e9e en 2008 \u00e0 La Rochelle<\/span><\/strong><\/span><span style=\"color: #99cc00; font-size: 14pt; mso-fareast-font-family: ArialNarrow;\"><strong><span style=\"color: #808000;\"> contribue \u00e0 l&rsquo;enseignement au S\u00e9n\u00e9gal. Elle y m\u00e8ne une action de solidarit\u00e9.<\/span><\/strong><\/span><\/span><\/p>\n<p class=\"NormalWeb5\" style=\"margin: 0cm 0cm 0pt; text-autospace: ideograph-numeric;\"><strong><span style=\"color: #808000; font-family: 'arial black', 'avant garde'; font-size: 14pt;\">\u00a0<\/span><\/strong><\/p>\n<p class=\"NormalWeb5\" style=\"margin: 0cm 0cm 0pt; text-autospace: ideograph-numeric;\"><span style=\"font-family: arial black,avant garde;\"><strong><span style=\"color: #808000;\"><span style=\"font-size: 14pt;\">En 2025, son action concerne 700 \u00e9l\u00e8ves de sept \u00e9coles \u00e9l\u00e9mentaires et maternelles d<\/span><span style=\"font-size: 14pt;\">es quatre villages de l\u2019\u00eele de Mar Lodj, dans le Sin\u00e9 Saloum, et<\/span><\/span><\/strong> <span style=\"color: #993300; font-size: 14pt;\"><strong><span style=\"text-decoration: underline;\">particuli\u00e8rement\u00a0les filles.<\/span><\/strong> <\/span><strong><span style=\"color: #808000;\"><span style=\"font-size: 14pt;\">L&rsquo;association entend ainsi<\/span><span style=\"font-size: 14pt;\">\u00a0combattre la discrimination dont elles sont victimes.<\/span><\/span><\/strong><\/span><\/p>\n<p><span style=\"font-family: 'arial black', sans-serif;\"><strong><span style=\"font-size: 14pt; color: #808000;\">L&rsquo;\u00e9coute attentive des besoins exprim\u00e9s par les enseignants, les associations de parents\u00a0 d&rsquo;\u00e9l\u00e8ves\u00a0et les chefs de villages guide l&rsquo;action de l&rsquo;association.<\/span><\/strong><\/span><\/p>\n<p class=\"NormalWeb5\" style=\"margin: 0cm 0cm 0pt; text-autospace: ideograph-numeric;\"><span style=\"color: #808000; font-family: 'arial black', 'avant garde'; font-size: 14pt;\">\u00a0<\/span><\/p>\n<ul>\n<li class=\"NormalWeb5\" style=\"margin: 0cm 0cm 0pt; text-autospace: ideograph-numeric;\"><span style=\"font-family: 'arial black', 'avant garde'; color: #808000;\"><strong><span style=\"font-size: 14pt;\">L&rsquo;association\u00a0prend en charge les frais scolaires des \u00e9l\u00e8ves durant six ans\u00a0de scolarit\u00e9 \u00e9l\u00e9mentaire. Les\u00a0<\/span><\/strong><span style=\"font-size: 14pt;\"><strong>fournitures et manuels sont achet\u00e9s chez des commer\u00e7ants locaux.<\/strong>\u00a0<\/span><\/span><\/li>\n<li class=\"NormalWeb5\" style=\"margin: 0cm 0cm 0pt; text-autospace: ideograph-numeric;\"><span style=\"font-family: 'arial black', 'avant garde'; color: #808000;\"><span style=\"font-size: 14pt;\"><strong><span style=\"color: #993300;\">Elle fait r\u00e9aliser, par des couturiers sur place, les sacs et les trousses dont b\u00e9n\u00e9ficient les jeunes \u00e9l\u00e8ves entrant en CI.<\/span><\/strong><\/span><\/span><\/li>\n<li class=\"NormalWeb5\" style=\"margin: 0cm 0cm 0pt; text-autospace: ideograph-numeric;\"><span style=\"font-family: 'arial black', sans-serif; color: #808000; font-size: 14pt;\">Elle a cr\u00e9\u00e9 une biblioth\u00e8que de 300 ouvrages en 2016 \u00e0 l&rsquo;\u00e9cole \u00e9l\u00e9mentaire de Mar Lodj. <\/span><\/li>\n<li class=\"NormalWeb5\" style=\"margin: 0cm 0cm 0pt; text-autospace: ideograph-numeric;\"><span style=\"font-family: 'arial black', sans-serif;\"><strong><span style=\"color: #993300; font-size: 14pt;\"><span style=\"color: #993300; font-size: 14pt;\">Elle accompagne le renforcement de la scolarit\u00e9 avec des cours donn\u00e9s par les enseignants, pour pr\u00e9parer, en fin de CM2, le certificat de fin d&rsquo;\u00e9tudes \u00e9l\u00e9mentaires (CFEE) et l&rsquo;entr\u00e9e en 6\u00e8me au coll\u00e8ge. <\/span><\/span><\/strong><\/span><\/li>\n<li class=\"NormalWeb5\" style=\"margin: 0cm 0cm 0pt; text-autospace: ideograph-numeric;\"><span style=\"font-family: 'arial black', sans-serif; font-size: 14pt; color: #808000;\"><strong>Une convention annuelle sign\u00e9e entre les directeurs d&rsquo;\u00e9coles et l&rsquo;association pr\u00e9cise l&rsquo;engagement de chacun.\u00a0<\/strong><\/span><\/li>\n<li class=\"NormalWeb5\" style=\"margin: 0cm 0cm 0pt; text-autospace: ideograph-numeric;\"><span style=\"font-family: 'arial black', sans-serif; font-size: 14pt; color: #993300;\"><strong>L&rsquo;association limite son action \u00e0 une aide mat\u00e9rielle.<\/strong><\/span><\/li>\n<li><\/li>\n<li><span style=\"font-family: 'arial black', sans-serif; color: #808000; font-size: 14pt;\"><strong><span style=\"color: #993300;\">Depuis 2019<\/span><\/strong> l&rsquo;association soutient la scolarit\u00e9 d&rsquo;\u00e9l\u00e8ves-une cinquantaine- au Centre de Formation Professionnelle (CFP) de Diofior dans cinq sp\u00e9cialit\u00e9s : <span style=\"color: #993300;\">ma\u00e7onnerie, \u00e9lectricit\u00e9, plomberie, restauration, mara\u00eechage.<\/span> Ces formations pr\u00e9parent \u00e0 des CAP ou BEP (et depuis la rentr\u00e9e 2024 des brevets de technicien- \u00e9quivalent \u00e0 un bac pro) permettant une insertion professionnelle de 85%. L&rsquo;association prend en charge les <span style=\"color: #993300;\">frais annuels d&rsquo;inscription, un premier \u00e9quipement et outillage et une aide \u00e0 la mobilit\u00e9<\/span> durant la totalit\u00e9 des formations (3 ans). Le CFP ne poss\u00e8de pas en effet d&rsquo;internat et l&rsquo;\u00eele de Mar est distante d&rsquo;environ 20 kilom\u00e8tres.<\/span><\/li>\n<li class=\"NormalWeb5\" style=\"margin: 0cm 0cm 0pt; text-autospace: ideograph-numeric;\"><span style=\"font-family: 'arial black', sans-serif; color: #808000; font-size: 14pt;\">Une convention est pass\u00e9e avec les coll\u00e8ges qui orientent les \u00e9l\u00e8ves et le CFP qui dispense les formations professionnelles.<\/span><\/li>\n<\/ul>\n<p class=\"NormalWeb5\" style=\"margin: 0cm 0cm 0pt; text-autospace: ideograph-numeric;\"><span style=\"color: #808000; font-family: 'arial black', 'avant garde'; font-size: 14pt;\">\u00a0<\/span><\/p>\n<p class=\"NormalWeb5\" style=\"margin: 0cm 0cm 0pt; text-autospace: ideograph-numeric;\"><strong><span style=\"color: #808000; font-family: 'arial black', 'avant garde'; font-size: 14pt;\"><span style=\"color: #993300;\">Des membres du conseil d&rsquo;administration vont deux fois par an au S\u00e9n\u00e9gal, \u00e0 leurs frais.<\/span><\/span><\/strong><\/p>\n<p class=\"NormalWeb5\" style=\"margin: 0cm 0cm 0pt; text-autospace: ideograph-numeric;\"><strong><span style=\"color: #808000; font-family: 'arial black', 'avant garde'; font-size: 14pt;\">\u00a0<\/span><\/strong><\/p>\n<p class=\"NormalWeb5\" style=\"margin: 0cm 0cm 0pt; text-autospace: ideograph-numeric;\">\n<p class=\"NormalWeb5\" style=\"margin: 0cm 0cm 0pt; text-autospace: ideograph-numeric;\"><strong><span style=\"color: #808000;\">\u00a0<\/span><\/strong><\/p>\n<p class=\"NormalWeb5\" style=\"margin: 0cm 0cm 0pt; text-autospace: ideograph-numeric;\">\n<p style=\"margin: 0cm 0cm 0pt; text-autospace: ideograph-numeric;\"><span style=\"font-family: ArialNarrow; color: black; font-size: 11pt; mso-fareast-font-family: ArialNarrow; mso-bidi-font-family: ArialNarrow;\"><span style=\"font-family: arial,helvetica,sans-serif;\">\u00a0<\/span><\/span><\/p>\n<\/div>\n","protected":false},"excerpt":{"rendered":"<p>\u00a0 \u00a0 \u00a0 \u00a0 \u00a0 \u00a0 \u00a0 \u00a0 \u00a0 \u00a0 \u00a0 \u00a0 \u00a0Les enfants et leurs instituteurs devant l&rsquo;\u00e9cole de Wandi\u00e9 construite en 2008-2009 \u00a0 \u00a0 \u00ab Un enfant, un\u00a0\u00a0 cartable \u00bb\u00a0 Association Jean-Louis BAROIN, cr\u00e9\u00e9e en 2008 \u00e0 La Rochelle contribue \u00e0 l&rsquo;enseignement au S\u00e9n\u00e9gal. Elle y m\u00e8ne une action de solidarit\u00e9. \u00a0 En [&hellip;]<\/p>\n","protected":false},"author":2,"featured_media":0,"parent":0,"menu_order":0,"comment_status":"open","ping_status":"open","template":"","meta":{"jetpack_post_was_ever_published":false,"footnotes":""},"class_list":["post-89","page","type-page","status-publish","hentry"],"jetpack_sharing_enabled":true,"jetpack_shortlink":"https:\/\/wp.me\/P5o8j7-1r","_links":{"self":[{"href":"http:\/\/www.unenfantuncartable17.fr\/index.php?rest_route=\/wp\/v2\/pages\/89","targetHints":{"allow":["GET"]}}],"collection":[{"href":"http:\/\/www.unenfantuncartable17.fr\/index.php?rest_route=\/wp\/v2\/pages"}],"about":[{"href":"http:\/\/www.unenfantuncartable17.fr\/index.php?rest_route=\/wp\/v2\/types\/page"}],"author":[{"embeddable":true,"href":"http:\/\/www.unenfantuncartable17.fr\/index.php?rest_route=\/wp\/v2\/users\/2"}],"replies":[{"embeddable":true,"href":"http:\/\/www.unenfantuncartable17.fr\/index.php?rest_route=%2Fwp%2Fv2%2Fcomments&post=89"}],"version-history":[{"count":41,"href":"http:\/\/www.unenfantuncartable17.fr\/index.php?rest_route=\/wp\/v2\/pages\/89\/revisions"}],"predecessor-version":[{"id":5027,"href":"http:\/\/www.unenfantuncartable17.fr\/index.php?rest_route=\/wp\/v2\/pages\/89\/revisions\/5027"}],"wp:attachment":[{"href":"http:\/\/www.unenfantuncartable17.fr\/index.php?rest_route=%2Fwp%2Fv2%2Fmedia&parent=89"}],"curies":[{"name":"wp","href":"https:\/\/api.w.org\/{rel}","templated":true}]}}

<div class="ob-section ob-section-html">
<p class="NormalWeb5" style="margin: 0cm 0cm 0pt; text-autospace: ideograph-numeric;"><span style="font-family: Times New Roman;"><span style="color: #ff9900; font-size: 14pt; mso-fareast-font-family: ArialNarrow;"><img loading="lazy" decoding="async" class="CtreTexte aligncenter" src="http://www.unenfantuncartable17.fr/wp-content/uploads/2014/07/Wandie-089.jpg" alt="Wandié 089" width="500" height="375" /></span></span></p>
<p class="NormalWeb5" style="margin: 0cm 0cm 0pt; text-autospace: ideograph-numeric;"><span style="font-family: Times New Roman;"><span style="color: #ff9900; font-size: 14pt; mso-fareast-font-family: ArialNarrow;">                         </span></span><span style="text-decoration: underline;"><span style="font-family: 'Times New Roman'; color: #993300;"><span style="font-size: 10pt;"><span style="font-family: arial,helvetica,sans-serif;"><strong>Les enfants et leurs instituteurs devant l&rsquo;école de Wandié construite en 2008-2009</strong></span></span></span></span></p>
<p class="NormalWeb5" style="margin: 0cm 0cm 0pt; text-autospace: ideograph-numeric;"><span style="font-family: Times New Roman;"><span style="color: #ff9900; mso-fareast-font-family: ArialNarrow;"><span style="font-size: 10pt;"><span style="font-family: arial,helvetica,sans-serif;"> </span></span></span></span></p>
<p class="NormalWeb5" style="margin: 0cm 0cm 0pt; text-autospace: ideograph-numeric;"><span style="font-family: arial black,avant garde;"><span style="color: #ff9900; font-size: 14pt; mso-fareast-font-family: ArialNarrow;"> </span></span></p>
<p class="NormalWeb5" style="margin: 0cm 0cm 0pt; text-autospace: ideograph-numeric;"><span style="font-family: arial black,avant garde;"><span style="color: #993300;"><strong><span style="font-size: 14pt; mso-fareast-font-family: ArialNarrow;">« Un enfant, un   cartable »  Association Jean-Louis BAROIN, créée en 2008 à La Rochelle</span></strong></span><span style="color: #99cc00; font-size: 14pt; mso-fareast-font-family: ArialNarrow;"><strong><span style="color: #808000;"> contribue à l&rsquo;enseignement au Sénégal. Elle y mène une action de solidarité.</span></strong></span></span></p>
<p class="NormalWeb5" style="margin: 0cm 0cm 0pt; text-autospace: ideograph-numeric;"><strong><span style="color: #808000; font-family: 'arial black', 'avant garde'; font-size: 14pt;"> </span></strong></p>
<p class="NormalWeb5" style="margin: 0cm 0cm 0pt; text-autospace: ideograph-numeric;"><span style="font-family: arial black,avant garde;"><strong><span style="color: #808000;"><span style="font-size: 14pt;">En 2025, son action concerne 700 élèves de sept écoles élémentaires et maternelles d</span><span style="font-size: 14pt;">es quatre villages de l’île de Mar Lodj, dans le Siné Saloum, et</span></span></strong> <span style="color: #993300; font-size: 14pt;"><strong><span style="text-decoration: underline;">particulièrement les filles.</span></strong> </span><strong><span style="color: #808000;"><span style="font-size: 14pt;">L&rsquo;association entend ainsi</span><span style="font-size: 14pt;"> combattre la discrimination dont elles sont victimes.</span></span></strong></span></p>
<p><span style="font-family: 'arial black', sans-serif;"><strong><span style="font-size: 14pt; color: #808000;">L&rsquo;écoute attentive des besoins exprimés par les enseignants, les associations de parents  d&rsquo;élèves et les chefs de villages guide l&rsquo;action de l&rsquo;association.</span></strong></span></p>
<p class="NormalWeb5" style="margin: 0cm 0cm 0pt; text-autospace: ideograph-numeric;"><span style="color: #808000; font-family: 'arial black', 'avant garde'; font-size: 14pt;"> </span></p>
<ul>
<li class="NormalWeb5" style="margin: 0cm 0cm 0pt; text-autospace: ideograph-numeric;"><span style="font-family: 'arial black', 'avant garde'; color: #808000;"><strong><span style="font-size: 14pt;">L&rsquo;association prend en charge les frais scolaires des élèves durant six ans de scolarité élémentaire. Les </span></strong><span style="font-size: 14pt;"><strong>fournitures et manuels sont achetés chez des commerçants locaux.</strong> </span></span></li>
<li class="NormalWeb5" style="margin: 0cm 0cm 0pt; text-autospace: ideograph-numeric;"><span style="font-family: 'arial black', 'avant garde'; color: #808000;"><span style="font-size: 14pt;"><strong><span style="color: #993300;">Elle fait réaliser, par des couturiers sur place, les sacs et les trousses dont bénéficient les jeunes élèves entrant en CI.</span></strong></span></span></li>
<li class="NormalWeb5" style="margin: 0cm 0cm 0pt; text-autospace: ideograph-numeric;"><span style="font-family: 'arial black', sans-serif; color: #808000; font-size: 14pt;">Elle a créé une bibliothèque de 300 ouvrages en 2016 à l&rsquo;école élémentaire de Mar Lodj. </span></li>
<li class="NormalWeb5" style="margin: 0cm 0cm 0pt; text-autospace: ideograph-numeric;"><span style="font-family: 'arial black', sans-serif;"><strong><span style="color: #993300; font-size: 14pt;"><span style="color: #993300; font-size: 14pt;">Elle accompagne le renforcement de la scolarité avec des cours donnés par les enseignants, pour préparer, en fin de CM2, le certificat de fin d&rsquo;études élémentaires (CFEE) et l&rsquo;entrée en 6ème au collège. </span></span></strong></span></li>
<li class="NormalWeb5" style="margin: 0cm 0cm 0pt; text-autospace: ideograph-numeric;"><span style="font-family: 'arial black', sans-serif; font-size: 14pt; color: #808000;"><strong>Une convention annuelle signée entre les directeurs d&rsquo;écoles et l&rsquo;association précise l&rsquo;engagement de chacun. </strong></span></li>
<li class="NormalWeb5" style="margin: 0cm 0cm 0pt; text-autospace: ideograph-numeric;"><span style="font-family: 'arial black', sans-serif; font-size: 14pt; color: #993300;"><strong>L&rsquo;association limite son action à une aide matérielle.</strong></span></li>
<li></li>
<li><span style="font-family: 'arial black', sans-serif; color: #808000; font-size: 14pt;"><strong><span style="color: #993300;">Depuis 2019</span></strong> l&rsquo;association soutient la scolarité d&rsquo;élèves-une cinquantaine- au Centre de Formation Professionnelle (CFP) de Diofior dans cinq spécialités : <span style="color: #993300;">maçonnerie, électricité, plomberie, restauration, maraîchage.</span> Ces formations préparent à des CAP ou BEP (et depuis la rentrée 2024 des brevets de technicien- équivalent à un bac pro) permettant une insertion professionnelle de 85%. L&rsquo;association prend en charge les <span style="color: #993300;">frais annuels d&rsquo;inscription, un premier équipement et outillage et une aide à la mobilité</span> durant la totalité des formations (3 ans). Le CFP ne possède pas en effet d&rsquo;internat et l&rsquo;île de Mar est distante d&rsquo;environ 20 kilomètres.</span></li>
<li class="NormalWeb5" style="margin: 0cm 0cm 0pt; text-autospace: ideograph-numeric;"><span style="font-family: 'arial black', sans-serif; color: #808000; font-size: 14pt;">Une convention est passée avec les collèges qui orientent les élèves et le CFP qui dispense les formations professionnelles.</span></li>
</ul>
<p class="NormalWeb5" style="margin: 0cm 0cm 0pt; text-autospace: ideograph-numeric;"><span style="color: #808000; font-family: 'arial black', 'avant garde'; font-size: 14pt;"> </span></p>
<p class="NormalWeb5" style="margin: 0cm 0cm 0pt; text-autospace: ideograph-numeric;"><strong><span style="color: #808000; font-family: 'arial black', 'avant garde'; font-size: 14pt;"><span style="color: #993300;">Des membres du conseil d&rsquo;administration vont deux fois par an au Sénégal, à leurs frais.</span></span></strong></p>
<p class="NormalWeb5" style="margin: 0cm 0cm 0pt; text-autospace: ideograph-numeric;"><strong><span style="color: #808000; font-family: 'arial black', 'avant garde'; font-size: 14pt;"> </span></strong></p>
<p class="NormalWeb5" style="margin: 0cm 0cm 0pt; text-autospace: ideograph-numeric;">
<p class="NormalWeb5" style="margin: 0cm 0cm 0pt; text-autospace: ideograph-numeric;"><strong><span style="color: #808000;"> </span></strong></p>
<p class="NormalWeb5" style="margin: 0cm 0cm 0pt; text-autospace: ideograph-numeric;">
<p style="margin: 0cm 0cm 0pt; text-autospace: ideograph-numeric;"><span style="font-family: ArialNarrow; color: black; font-size: 11pt; mso-fareast-font-family: ArialNarrow; mso-bidi-font-family: ArialNarrow;"><span style="font-family: arial,helvetica,sans-serif;"> </span></span></p>
</div>

<p>                         Les enfants et leurs instituteurs devant l&rsquo;école de Wandié construite en 2008-2009     « Un enfant, un   cartable »  Association Jean-Louis BAROIN, créée en 2008 à La Rochelle contribue à l&rsquo;enseignement au Sénégal. Elle y mène une action de solidarité.   En [&hellip;]</p>
