{"id":2665,"date":"2021-04-12T10:29:52","date_gmt":"2021-04-12T09:29:52","guid":{"rendered":"http:\/\/www.unenfantuncartable17.fr\/?page_id=2665"},"modified":"2021-04-12T10:29:52","modified_gmt":"2021-04-12T09:29:52","slug":"regarder-le-film-sur-lasssociation","status":"publish","type":"page","link":"http:\/\/www.unenfantuncartable17.fr\/?page_id=2665","title":{"rendered":"Regarder le film sur l&rsquo;asssociation"},"content":{"rendered":"<p><span style=\"font-family: 'arial black', sans-serif; color: #993300;\">Voici un lien \u00e0 activer pour visionner le film r\u00e9alis\u00e9 \u00e0 l&rsquo;occasion du 10\u00e8me anniversaire de l&rsquo;association.<\/span><\/p>\n<p><a href=\"https:\/\/www.youtube.com\/watch?v=SBEnS7EclFQ&amp;t=17s\"><strong>ttps:\/\/www.youtube.com\/watch?v=SBEnS7EclFQ&amp;t=17s<\/strong><\/a><\/p>\n<p>&nbsp;<\/p>\n<p>&nbsp;<\/p>\n","protected":false},"excerpt":{"rendered":"<p>Voici un lien \u00e0 activer pour visionner le film r\u00e9alis\u00e9 \u00e0 l&rsquo;occasion du 10\u00e8me anniversaire de l&rsquo;association. ttps:\/\/www.youtube.com\/watch?v=SBEnS7EclFQ&amp;t=17s &nbsp; &nbsp;<\/p>\n","protected":false},"author":2,"featured_media":0,"parent":0,"menu_order":0,"comment_status":"closed","ping_status":"closed","template":"","meta":{"jetpack_post_was_ever_published":false,"footnotes":""},"class_list":["post-2665","page","type-page","status-publish","hentry"],"jetpack_sharing_enabled":true,"jetpack_shortlink":"https:\/\/wp.me\/P5o8j7-GZ","_links":{"self":[{"href":"http:\/\/www.unenfantuncartable17.fr\/index.php?rest_route=\/wp\/v2\/pages\/2665","targetHints":{"allow":["GET"]}}],"collection":[{"href":"http:\/\/www.unenfantuncartable17.fr\/index.php?rest_route=\/wp\/v2\/pages"}],"about":[{"href":"http:\/\/www.unenfantuncartable17.fr\/index.php?rest_route=\/wp\/v2\/types\/page"}],"author":[{"embeddable":true,"href":"http:\/\/www.unenfantuncartable17.fr\/index.php?rest_route=\/wp\/v2\/users\/2"}],"replies":[{"embeddable":true,"href":"http:\/\/www.unenfantuncartable17.fr\/index.php?rest_route=%2Fwp%2Fv2%2Fcomments&post=2665"}],"version-history":[{"count":3,"href":"http:\/\/www.unenfantuncartable17.fr\/index.php?rest_route=\/wp\/v2\/pages\/2665\/revisions"}],"predecessor-version":[{"id":2668,"href":"http:\/\/www.unenfantuncartable17.fr\/index.php?rest_route=\/wp\/v2\/pages\/2665\/revisions\/2668"}],"wp:attachment":[{"href":"http:\/\/www.unenfantuncartable17.fr\/index.php?rest_route=%2Fwp%2Fv2%2Fmedia&parent=2665"}],"curies":[{"name":"wp","href":"https:\/\/api.w.org\/{rel}","templated":true}]}}